{"id":371,"date":"2014-03-13T22:06:01","date_gmt":"2014-03-13T21:06:01","guid":{"rendered":"http:\/\/www.porfinlunes.com\/?page_id=371"},"modified":"2014-03-13T22:06:01","modified_gmt":"2014-03-13T21:06:01","slug":"la-ayuda","status":"publish","type":"page","link":"http:\/\/psicologiapares.com\/index.php\/la-ayuda\/","title":{"rendered":"La ayuda"},"content":{"rendered":"<p>Este blog se cre\u00f3 con el objetivo de ayudar a otras personas que han vivido y viven en situaciones laborales dificiles. A aquellas personas que quieren cambiar por no estar satisfechas con lo que tienen. Aquellas personas que se permiten el lujo de so\u00f1ar.<\/p>\n<p>\u00bfComo puedo hacerlo? algunas respuestas a esa pregunta:<\/p>\n<p>Escribiendo todos los Lunes para hacerlos mas felices, solo para vosotras, y ademas desarrollando mis consejos de vez en cuando.<\/p>\n<p>Aqu\u00ed tienes un indice de lo que te puede ayudar, una pagina din\u00e1mica, llena de informaci\u00f3n y futuros posts. Para que sean mas f\u00e1ciles de encontrar, para que te sean de mas <strong>ayuda<\/strong>!<\/p>\n<p style=\"text-align:left;\"><a href=\"http:\/\/coachdelavida.wordpress.com\/2014\/02\/13\/soluciones-para-el-estres-final-de-fase\/\" target=\"_blank\" rel=\"noopener noreferrer\"><img loading=\"lazy\" class=\"alignleft wp-image-375 size-medium\" src=\"http:\/\/psicologiapares.com\/wp-content\/uploads\/2014\/03\/pagina-esquema-1.jpg?w=300\" alt=\"Combatir el Estr\u00e9s\" width=\"300\" height=\"199\" \/><\/a><a href=\"http:\/\/coachdelavida.wordpress.com\/2014\/03\/13\/como-encontrar-trabajo-2\/\" target=\"_blank\" rel=\"noopener noreferrer\"><img loading=\"lazy\" class=\"alignnone wp-image-379 size-medium\" src=\"http:\/\/psicologiapares.com\/wp-content\/uploads\/2014\/03\/pagina-esquema-2.jpg?w=300\" alt=\"Encontrar trabajo\" width=\"300\" height=\"199\" \/><\/a><\/p>\n<p style=\"text-align:left;\"><a href=\"http:\/\/coachdelavida.wordpress.com\/2013\/12\/05\/cambio-de-trabajo-fase-v-y-fin-de-temporada\/\"><img loading=\"lazy\" class=\"alignnone wp-image-380 size-medium\" src=\"http:\/\/psicologiapares.com\/wp-content\/uploads\/2014\/03\/pagina-esquema-3.jpg?w=300\" alt=\"C\u00f3mo cambiar de trabajo\" width=\"300\" height=\"199\" \/><\/a><\/p>\n<p>Si eso no te parece suficiente, te ofrezco otra opci\u00f3n, la de\u00a0<strong>escucharte, leerte y dedicarme de lleno a ti, de forma personalizada<\/strong>. La forma es f\u00e1cil, solo tienes que escribirme un mail a <em><strong>mireia.pares.guerrero@gmail.com<\/strong><\/em> explicarme tu situaci\u00f3n, yo lo leer\u00e9 con todo mi coraz\u00f3n y te responder\u00e9 explicando las opciones que veo para\u00a0<strong>solucionar el problema y como afrontarlo<\/strong>, luego tu elegir\u00e1s si quieres que empecemos a trabajar.<\/p>\n<p>Es f\u00e1cil en realidad.<\/p>\n<p>Te estar\u00e9 esperando tengo mucha energ\u00eda para ti.<\/p>\n","protected":false},"excerpt":{"rendered":"<p>Este blog se cre\u00f3 con el objetivo de ayudar a otras personas que han vivido y viven en situaciones laborales dificiles. A aquellas personas que quieren cambiar por no estar satisfechas con lo que tienen. Aquellas personas que se permiten el lujo de so\u00f1ar. \u00bfComo puedo hacerlo? algunas respuestas a esa pregunta: Escribiendo todos los &hellip; <\/p>\n<p class=\"link-more\"><a href=\"http:\/\/psicologiapares.com\/index.php\/la-ayuda\/\" class=\"more-link\">Continua llegint <span class=\"screen-reader-text\">\u00abLa ayuda\u00bb<\/span><\/a><\/p>\n","protected":false},"author":1,"featured_media":0,"parent":0,"menu_order":0,"comment_status":"open","ping_status":"open","template":"","meta":[],"_links":{"self":[{"href":"http:\/\/psicologiapares.com\/index.php\/wp-json\/wp\/v2\/pages\/371"}],"collection":[{"href":"http:\/\/psicologiapares.com\/index.php\/wp-json\/wp\/v2\/pages"}],"about":[{"href":"http:\/\/psicologiapares.com\/index.php\/wp-json\/wp\/v2\/types\/page"}],"author":[{"embeddable":true,"href":"http:\/\/psicologiapares.com\/index.php\/wp-json\/wp\/v2\/users\/1"}],"replies":[{"embeddable":true,"href":"http:\/\/psicologiapares.com\/index.php\/wp-json\/wp\/v2\/comments?post=371"}],"version-history":[{"count":0,"href":"http:\/\/psicologiapares.com\/index.php\/wp-json\/wp\/v2\/pages\/371\/revisions"}],"wp:attachment":[{"href":"http:\/\/psicologiapares.com\/index.php\/wp-json\/wp\/v2\/media?parent=371"}],"curies":[{"name":"wp","href":"https:\/\/api.w.org\/{rel}","templated":true}]}}